+ 136/28. Let i(r) = r**2 + p*r + 3*r - 4 - 3*r. Determine i(-5).
-4
Let d(s) = s - 5. Let w(m) = -1. Let y(f) = -d(f) + 2*w(f). Determine y(2).
1
Let h(l) be the third derivative of -1/60*l**5 - 5/24*l**4 + 0 + 0*l - 1/2*l**3 + l**2. Give h(-4).
1
Let j(t) = t**3 + 7*t**2 - 6*t + 4. Let g(i) = -i**3 - i**2 + i - 1. Let u(y) = 3*g(y) + j(y). Determine u(2).
-5
Let y(p) = p**3 - 8*p**2 + 6*p + 2. Let h(c) = -4*c - 11. Let z be h(-5). Suppose -5 = -2*r + z. What is y(r)?
-5
Let x(u) be the first derivative of -u**3 + 11*u**2/2 - 7. Let i(m) = -m**2 + 4*m. Let w(d) = 11*i(d) - 4*x(d). What is w(2)?
4
Let x(y) = -y**3 + 4*y**2 - 5*y + 2. Let u = -56 - -59. Determine x(u).
-4
Let x(u) = -5 - 270*u**2 - u + 269*u**2 - 8 + 4. Suppose 2*d + 0*v + 3 = -v, v + 3 = 2*d. Calculate x(d).
-9
Suppose 4*r = 5*h - 12, -3*h + 8 = r - 3*r. Let m(i) be the second derivative of -1/6*i**3 - i + 0*i**2 - 5/12*i**h + 0. Calculate m(-1).
-4
Let m(t) = 3*t - 20. Let p(k) = -k + 7. Let q(o) = -6*m(o) - 17*p(o). Suppose 5*x - 10 = -j + 4*j, 0 = 3*x - j - 6. Determine q(x).
-1
Let j(o) = -2*o**3 + 15*o**2 - 19*o + 17. Let d(c) = c**3 - 8*c**2 + 10*c - 9. Let f(r) = -5*d(r) - 3*j(r). What is f(4)?
6
Let z(r) = 5 + 9*r - 4 + 5 - 10*r. Give z(-6).
12
Let y be ((-8)/10)/(16/(-40)). Let l(j) = j**3 + 4*j**2 + j**2 - 3 + 0*j**y + 5*j. Give l(-4).
-7
Let f(u) be the third derivative of -u**4/24 + u**3/2 - 34*u**2. Calculate f(-6).
9
Let n(h) = -h**3 - 6*h**2 - h - 5. Suppose -4*w - 28 = -r + 5*r, 4*w = -5*r - 29. Give n(w).
1
Let w(b) = 11*b**3 - b + 1. Let f = 0 - -1. Give w(f).
11
Suppose -2*r = r. Let c(b) = 2*b - 4 + 2*b + r - b**2. Suppose 5*o = -4*y - 2 + 33, 3*y - 2*o - 6 = 0. Determine c(y).
-4
Suppose 11 = -5*v + 4*z, -z - 3*z = 4*v - 20. Let r(h) = 6*h**2 + 2*h - 1. Give r(v).
7
Let v(j) = j - 5. Let q = -3 - -8. Suppose -8 = 4*p, 5*r - q*p - 14 = 4*r. Determine v(r).
-1
Suppose -14*d = -9*d - 30. Let s(i) = i - 9. Let w be s(d). Let p(k) = -5*k - 3. Determine p(w).
12
Let t(f) = -2*f**2 + 13*f + 8. Let a(z) = z**2 + 6*z**2 - 4 - 6*z**2 - 6*z. Suppose -5*y = -18 + 53. Let k(u) = y*a(u) - 3*t(u). Calculate k(4).
0
Let x(t) = 2*t + 6. Let a be x(-4). Let p(b) = b**3 - b**2 + b + 1. Give p(a).
-13
Let r(o) = -18*o - o**3 + 2*o**2 - o**2 + 1 + 3*o**3 + 19*o. Suppose 0 = 7*m - 3*m + 8. Calculate r(m).
-13
Let m(l) = l**2 + 4*l - 4. Let n = 13 - 19. Give m(n).
8
Let j be (-99)/(-22)*(-2)/(-3). Let r(s) = 3*s - 1. Let b(c) = -10*c + 2. Let l(o) = 2*b(o) + 7*r(o). Give l(j).
0
Let x(s) = 8*s - 6. Let u(a) = 2*a. Let g(y) = -6*u(y) + 2*x(y). Give g(8).
20
Let n(v) = 3*v + 13. Suppose -39 = 5*i - 9. Determine n(i).
-5
Let a(p) = p. Let i(y) = 3*y + 1. Let n(x) = 2*a(x) - i(x). Let r = 13 + -18. Determine n(r).
4
Let u(c) = -c**3 - 2*c**2 - 2*c. Suppose 0 = 7*i - 3*i - 20. Let f = 11 - i. Suppose f = -2*d - d. What is u(d)?
4
Let d(i) = -15*i**3 + 3*i**2 + i + 27. Let m(r) = -7*r**3 + r**2 + r + 13. Let v(z) = -6*d(z) + 13*m(z). Determine v(-6).
1
Let u(k) be the third derivative of -k**5/60 + k**4/6 - k**3/3 - 5*k**2. Calculate u(5).
-7
Let o(m) = m**2 + 4*m - 1. Let j = -15 + 12. What is o(j)?
-4
Let u(w) be the third derivative of w**6/120 + w**5/15 - 7*w**4/24 - w**3/2 + w**2. Suppose 4*x - 10 = 6*x. Determine u(x).
7
Let h(r) be the second derivative of -r**6/240 - r**5/30 - r**4/6 - 2*r. Let a(y) be the third derivative of h(y). Calculate a(-3).
5
Let i(m) be the second derivative of -m**5/20 - m**3/6 + m**2 - 6*m. Give i(2).
-8
Let x(g) = g**2 + g - 1. Let k(n) = 7*n**2 + 13*n - 1. Let o(u) = k(u) - 6*x(u). Let a = -5 + 18. Let p = a - 18. Give o(p).
-5
Suppose 3*h = -h. Suppose 5 = q - h. Let v(t) = 0*t + 3*t - 4*t. Give v(q).
-5
Let g(f) = -f**2. Let z(c) = -3*c**2 - 1. Let n(j) = 2*g(j) - z(j). Give n(0).
1
Let o be ((-8)/(-10))/((-2)/(-5)). Let n(t) = -t**2 - o*t + 6*t**3 - 2*t + 3*t - 1. Suppose 2*s + 2 = -4*m, 4*s = -2*m + 1 + 1. What is n(m)?
-7
Let f(o) = -o**2 + o + 3. Let b be f(0). Suppose -2*t - 2*t = 0. Let n(k) = -3 + t*k + 5*k - 3*k - k. Determine n(b).
0
Let k(g) = -9*g**2. Let d = -15 - -1. Let s be 8/d - (-12)/(-28). Determine k(s).
-9
Let q = -7 + 11. Let s be ((-3)/(-6))/((-1)/(-12)). Let z = s - q. Let w(d) = -d**2 - d + 2. Calculate w(z).
-4
Let q(f) = -4*f**2 + 2*f. Let k = -44 + 46. Give q(k).
-12
Suppose 4*z = -h + 13, -2*h = 2*z + h - 9. Let j(g) = -2*g + 4. Give j(z).
-2
Let d(v) = 2*v**3 + 11*v**2 + v + 13. Let x(l) = l**3 + 6*l**2 + l + 7. Let t(r) = 3*d(r) - 5*x(r). What is t(-4)?
-4
Suppose 5*m + 3*k - 2*k = 2, -5*k = m - 10. Let s(b) be the first derivative of -b**3/3 - b**2/2 - 6*b + 5. Calculate s(m).
-6
Let q = -14 + 22. Let o(m) = m**3 - 8*m**2 + 2*m - 4. Give o(q).
12
Suppose -3*a = 2*a + 20. Let l(p) = -5*p - 4. Give l(a).
16
Suppose -3*z - 6 = -w, 5 = z - 0*w + 2*w. Let y be (3 + 0)*z/(-1). Let s(v) be the first derivative of v**4/4 - 2*v**3/3 - 4*v + 11. Give s(y).
5
Suppose 0 = -d - 2*t - 14, 2*t + 32 = -4*d - 0*t. Let a = 5 - 5. Let n(y) = -4*y + 2 - 8 + 3*y + a. Determine n(d).
0
Let z be 6/(-8) - (-27)/4. Let i(t) = -1 + 0*t**2 + t + z + t**3 - t**2 + 2*t**2. Determine i(0).
5
Let f(s) = -s**2 - 13*s - 12. Let u be f(-12). Let n(l) = 5*l - 2 + l**2 + 0 + u. Calculate n(-6).
4
Let h(u) = u + 3. Let m(w) = w**3 - 8*w**2 + 7*w + 8. Let b be m(7). Let t(g) = g**3 - 9*g**2 + 10*g - 12. Let y be t(b). Calculate h(y).
7
Suppose 6*x + 6 = 7*x. Let s(a) = x + 3*a - 3*a + 3*a. What is s(-5)?
-9
Let j(f) be the third derivative of f**7/2520 + 7*f**6/720 + f**5/30 - 2*f**2. Let l(d) be the third derivative of j(d). Let k = -7 - -2. Calculate l(k).
-3
Suppose 16*f + 5*f + 126 = 0. Let d(j) = -j**3 - 5*j**2 + 8*j + 4. Determine d(f).
-8
Let c be 5 + 25/(-5) + 1 + -2. Let w(z) = 0 + 5*z + 0. Give w(c).
-5
Suppose p - 19 = -4*d + 3, 0 = 4*p - 4*d - 8. Let u(z) = -z**2 + 4*z. Determine u(p).
-12
Let y(z) = -z**3 + 24*z**2 + z - 24. Let f be y(24). Let b(o) = o**3 + o - 1. Calculate b(f).
-1
Let o be (-14)/6 + (-2)/(-6). Let t(m) = m**3 + m**2 - 1. What is t(o)?
-5
Let c(j) = j**3 - 4*j**2 - 5*j - 6. Let k(y) = -y. Let l = -14 - -9. Let u be k(l). Determine c(u).
-6
Suppose 5*q - 3*y + 0*y = -36, -8 = 2*q + 2*y. Let o(f) be the second derivative of f**4/12 + 4*f**3/3 + 9*f**2/2 - f. Calculate o(q).
-3
Let h be -4 + ((-12)/3)/(-1). Let n(a) be the third derivative of h*a + 1/60*a**5 + 0 - a**2 + a**3 - 1/4*a**4. Give n(4).
-2
Let v(b) = -6*b**2 - 11*b - 8. Let t(r) = r**2 + r + 1. Let s(n) = 5*t(n) + v(n). Calculate s(-4).
5
Let x(o) = o**2 - 5*o - 5. Let j = -3 - -7. Determine x(j).
-9
Suppose 3*v = 3*u, -3*u - v = -13 - 3. Let l be 2 + 2 + -5 + u. Let n(c) = 2*c**2 - 5*c + 2. What is n(l)?
5
Let k(u) = u**2 + 6*u**2 + 8*u - 4*u**2 - 5 - 2*u**2. What is k(-4)?
-21
Let t = 19 + -18. Let q(z) = -8*z**2 + 2*z - 1. Determine q(t).
-7
Suppose 8 = 24*n - 26*n. Let s(p) = p**3 + 4*p**2 - 2*p - 3. Calculate s(n).
5
Let a(i) be the second derivative of i**5/120 + i**4/3 + i**3/6 - 2*i. Let u(y) be the second derivative of a(y). Let z = -8 - -3. What is u(z)?
3
Let d(o) = o + 1. Let h be ((-6)/4)/((-11)/(-44)). What is d(h)?
-5
Let p(t) be the third derivative of 0 + 1/60*t**5 + 1/4*t**4 + 0*t + 3*t**2 + 1/2*t**3. Let x(u) = 2*u + 7. Let m be x(-5). What is p(m)?
-6
Suppose 5*p - 8 = -4*m, -3*m = -m - 4*p - 4. Suppose 0 = -m*k - k. Let s(q) be the second derivative of -q**3/6 - 5*q**2/2 - q. Give s(k).
-5
Let v be (45/18)/((-5)/(-12)). Let s(n) = n**2 - 5*n + 6. Calculate s(v).
12
Let u(m) = -2*m - 1. Let b be (-24)/(6/2)*-1. Suppose b = -3*k - 1. What is u(k)?
5
Let y = 0 - -4. Let z(l) = -2*l**2 + 4*l + 5. What is z(y)?
-11
Let d(f) be the third derivative of f**5/60 - f**4/24 + f**3/2 + 2*f**2 + 20. Let s be (1/(-1)*0)/2. Calculate d(s).
3
Let o(p) = -5*p + p**3 + 4*p**2 + 0*p + 2*p - 4. Suppose -2*w + w - 7 = 0. Let l = 3 + w. Give o(l).
8
Let y(g) be the third derivative of g**4/12 - g**3/3 + 9*g**2. Determine y(-2).
-6
Let u(t) = 1 - 2*t**2 + 4*t**2 - 2*t**2 - 3*t**2. Suppose 6 - 2 = -2*b. Calculate u(b).
-11
Let r(h) be the third derivative of h**4/24 + 2*h**3/3 - 2*h**2. What is r(6)?
10
Let p(s) be the second derivative of 1/24*s**4 - 1/3*s**3 - s + 1/2*s**2 + 0. Let z(l) be the first derivative of p(l). Give z(0).
-2
Let t(h) = 2*h. Suppose 5